Let t(y) = -y**2 + 25*y + 182. Give t(31).
-4
Let u(i) = -6*i**3 + 2*i**2 + i. Calculate u(-1).
7
Let r(l) = 20*l + 42. What is r(-2)?
2
Let o(n) = -4*n**2 + 8*n + 8. Calculate o(-1).
-4
Let h(m) = -16*m + 41. Determine h(0).
41
Let z(g) = -4*g - 5. What is z(-1)?
-1
Let s(m) = m**2 + 18*m + 9. Give s(-10).
-71
Let j(f) = f**2 + 22*f + 87. Determine j(-17).
2
Let h(z) = -4*z**2 + 22*z - 16. Give h(5).
-6
Let o(b) = b**2 - 5*b + 3. What is o(4)?
-1
Let b(c) = 9*c + 3. Calculate b(-2).
-15
Let b(g) = 2*g + 90. Calculate b(-29).
32
Let n(j) = -9*j - 4. Give n(-4).
32
Let n(r) = -r**2 - 12*r + 18. Determine n(-12).
18
Let q(m) = 182*m**3 + 2*m + 3. What is q(-1)?
-181
Let d(m) = 4*m - 10. Give d(-9).
-46
Let w(j) = 21*j + 214. Calculate w(-9).
25
Let x(a) = 2*a**2 - 9*a + 19. Give x(4).
15
Let d(m) = m**2 - 17*m + 2. What is d(18)?
20
Let d(l) = l - 2. What is d(-9)?
-11
Let t(o) = -o**2 - 11*o - 2. Give t(-11).
-2
Let d(u) = u**2 + 8*u - 40. Give d(-11).
-7
Let h(i) = i**2 + 5*i - 7. What is h(-6)?
-1
Let r(u) = u**3 + 8*u**2 - 3*u - 10. Determine r(-8).
14
Let n(o) = o**3 - o**2 - 10*o + 7. Calculate n(4).
15
Let b(w) = -w**3 + 11*w**2 - 19*w - 18. Determine b(9).
-27
Let g(n) = -3*n - 68. What is g(-22)?
-2
Let i(q) = 2*q**2 + 40*q - 23. What is i(-20)?
-23
Let o(b) = 37*b**2 + b - 2. Give o(1).
36
Let m(w) = -18*w - 54. Determine m(-3).
0
Let o(v) = -v**3 - 35*v**2 + 155*v - 44. Give o(-39).
-5
Let s(m) = -m**3 - 10*m**2 + m + 23. Calculate s(-10).
13
Let f(l) = -3*l - 4. Calculate f(2).
-10
Let a(u) = u**3 - 9*u**2 - 9*u - 13. Determine a(10).
-3
Let s(v) = -v**3 + 3*v**2 - 16*v + 48. Determine s(3).
0
Let u(c) = -3*c**3 - c**2 + 2*c. Give u(-2).
16
Let o(h) = h**2 + 9*h - 26. Determine o(-11).
-4
Let o(m) = -m**3 - 8*m**2 - 9*m - 6. Determine o(-7).
8
Let v(c) = -2*c**2 + 8*c + 5. Determine v(6).
-19
Let b(z) = 28*z - 227. Give b(8).
-3
Let v(y) = y**2 - 15*y + 18. What is v(11)?
-26
Let n(o) = o**3 + 6*o**2 + o - 8. What is n(-6)?
-14
Let w(u) = -8*u - 25. Calculate w(-4).
7
Let c(s) = s**2 - 23*s + 7. Determine c(7).
-105
Let d(s) = -s - 2. Give d(0).
-2
Let i(h) = -h - 6. Determine i(0).
-6
Let f(j) = j**2 + 9*j - 1. Give f(-6).
-19
Let r(i) = i**3 - 9*i**2 - 16*i + 29. Calculate r(10).
-31
Let s(p) = -2*p**2 - 6*p + 2. Determine s(-4).
-6
Let b(l) = 2*l - 19. Calculate b(10).
1
Let j(t) = t**3 + 10*t**2 + 21*t + 44. Determine j(-8).
4
Let g(q) = -q**3 + 4*q**2 + 5*q - 2. Give g(5).
-2
Let r(m) = -m**3 + 13*m**2 + 8*m + 26. Determine r(14).
-58
Let n(r) = -7*r**3 + 4*r + 4. Determine n(-2).
52
Let s(h) = -h**2 + 4*h + 235. Determine s(17).
14
Let l(t) = -t**3 + 18*t**2 - 17*t - 7. Calculate l(17).
-7
Let k(p) = -8*p + 9. Calculate k(6).
-39
Let o(x) = -2*x**2 + 2*x + 6. What is o(3)?
-6
Let b(p) = 11*p - 11. Calculate b(5).
44
Let d(i) = 2*i**2 - 78*i - 168. Calculate d(41).
-4
Let c(j) = j**2 + 22*j + 2. Determine c(-22).
2
Let h(p) = p**3 + 5*p**2 - 4*p - 4. Determine h(-2).
16
Let d(v) = 28*v**3 + v**2 - 19*v + 18. What is d(1)?
28
Let t(l) = l**3 - 10*l**2 + 9*l - 22. Calculate t(9).
-22
Let k(s) = -19*s + 101. What is k(6)?
-13
Let a(h) = h**3 + 25*h**2 - 3*h - 76. What is a(-25)?
-1
Let c(d) = -9*d + 19. What is c(-6)?
73
Let h(z) = -4*z**2 + 194*z + 111. What is h(49)?
13
Let p(w) = -2*w + 4. Determine p(-5).
14
Let s(j) = -3*j + 7. Give s(-4).
19
Let z(j) = -6*j**2 - 29*j. Calculate z(-5).
-5
Let s(v) = -v**2 + v + 2. What is s(0)?
2
Let y(x) = x**2 + x - 2. Determine y(-2).
0
Let d(o) = o**2 + 8*o - 5. Calculate d(-9).
4
Let a(s) = -13*s + 1. Give a(-2).
27
Let p(i) = -10*i + 245. Give p(27).
-25
Let c(g) = g**2 + 2*g - 3. Give c(2).
5
Let b(v) = -12*v + 414. Give b(34).
6
Let g(x) = -x**3 + x**2 + 4*x - 6. Calculate g(3).
-12
Let b(k) = k**2 + 2*k + 2. Calculate b(-2).
2
Let l(z) = z**3 + 3*z**2 - 2*z + 3. Determine l(-3).
9
Let c(d) = -d**3 + 8*d**2 + 2*d - 9. Calculate c(8).
7
Let x(n) = -n**2 - n - 1. Calculate x(-1).
-1
Let j(i) = i**2 - 5*i - 3. What is j(2)?
-9
Let d(z) = -2*z**2 + 37*z + 41. Determine d(19).
22
Let x(d) = 4*d**2 - 21*d - 7. What is x(6)?
11
Let p(t) = -t**3 + 17*t**2 - t + 12. Give p(17).
-5
Let c(n) = 6*n**2 + 20*n - 44. Calculate c(2).
20
Let v(c) = 3*c**2 - 32*c + 40. What is v(8)?
-24
Let j(s) = -6*s + 8. Give j(3).
-10
Let j(k) = k**2 + 2*k - 6. What is j(-3)?
-3
Let z(v) = v - 11. Calculate z(-7).
-18
Let m(j) = -j**2 + 9*j + 17. What is m(11)?
-5
Let b(j) = -j**3 + 11*j**2 - 8*j - 10. Calculate b(10).
10
Let a(x) = -x**3 - 16*x**2 - 2*x - 13. Determine a(-16).
19
Let c(d) = d**2 + d - 2. What is c(4)?
18
Let g(k) = 12*k - 4. Calculate g(1).
8
Let q(x) = -x**3 - 5*x**2 + 4*x + 3. What is q(-6)?
15
Let u(h) = h**2 - 18*h + 13. What is u(17)?
-4
Let o(l) = -3*l + 22. Give o(7).
1
Let g(c) = c**3 - 9*c**2 - 5*c - 51. What is g(10)?
-1
Let v(d) = 6*d**3 + d**2 + 3*d + 1. Calculate v(-1).
-7
Let p(w) = -16*w + 184. Calculate p(11).
8
Let y(c) = 5*c**2 - 28*c - 4. What is y(5)?
-19
Let x(v) = -v**3 + 22*v**2 + 46*v - 53. Calculate x(24).
-101
Let r(i) = -2*i**2 + 6*i - 5. Determine r(6).
-41
Let x(v) = 3*v - 64. What is x(12)?
-28
Let j(n) = 14*n**2 - 2*n + 1. Calculate j(1).
13
Let c(l) = -9*l**2 - 8*l - 3. Calculate c(-2).
-23
Let t(h) = -h**3 - 4*h**2 + h + 3. Determine t(-4).
-1
Let j(p) = -2*p + 1. Calculate j(2).
-3
Let b(p) = 2*p - 17. Determine b(0).
-17
Let m(b) = b**3 - 23*b**2 - 78*b - 12. Calculate m(26).
-12
Let l(u) = 5*u + 8. Give l(-5).
-17
Let b(q) = 3*q - 21. Determine b(9).
6
Let n(l) = 10*l + 20. What is n(-2)?
0
Let l(z) = 16*z - 213. Determine l(13).
-5
Let s(q) = -6*q + 17. Determine s(0).
17
Let v(u) = u**3 - 12*u**2 - 32*u + 69. Calculate v(14).
13
Let o(w) = -10*w + 589. Determine o(59).
-1
Let h(a) = -a**2 + a - 8. Give h(0).
-8
Let z(p) = 2*p**3 - 2*p**2 - 4*p - 2. What is z(-1)?
-2
Let x(p) = -16*p**2 - 2*p + 7. Give x(-3).
-131
Let d(z) = z**3 - 6*z**2 + 4*z - 4. Calculate d(4).
-20
Let c(k) = -3*k - 2. Determine c(8).
-26
Let g(p) = -2*p**2 + 15*p - 24. Give g(4).
4
Let y(n) = -n**3 + 9*n**2 - 19*n - 2. Calculate y(6).
-8
Let h(n) = -n**3 - 22*n**2 - 4. What is h(-22)?
-4
Let u(a) = 12*a - 1. Calculate u(-3).
-37
Let w(m) = -2*m**3 + 3*m**2 + 6*m - 5. Calculate w(3).
-14
Let z(a) = a**3 + 17*a**2 + 34*a + 60. Calculate z(-15).
0
Let v(z) = -z**2 - 9*z - 6. Calculate v(-7).
8
Let g(k) = -k - 14. Determine g(-11).
-3
Let v(u) = -65*u + 18. Give v(0).
18
Let c(x) = -2*x**3 + 8*x**2 - 29*x + 122. What is c(4)?
6
Let q(l) = -13*l + 389. Give q(30).
-1
Let d(r) = 2*r**2 + 46*r + 47. Determine d(-21).
-37
Let d(y) = y**3 + 2*y**2 - 18*y - 5. What is d(-7)?
-124
Let n(b) = -7*b**3 - 3*b**2 - 3*b. What is n(-2)?
50
Let i(m) = m**3 - 8*m**2 + 5*m + 8. Determine i(7).
-6
Let l(t) = t**3 + 6*t**2 + 60*t + 210. Determine l(-4).
2
Let c(p) = p**3 - 7*p**2 + 9*p + 13. Determine c(5).
8
Let y(r) = -r**3 - 10*r**2 + 30*r + 21. What is y(-12)?
-51
Let i(m) = 14*m**3 + 2*m**2 + 2*m + 1. Give i(-1).
-13
Let z(f) = f**2 - 23*f - 24. What is z(25)?
26
Let b(j) = 43*j - 1. Give b(-1).
-44
Let j(y) = 11*y - 226. What is j(22)?
16
Let y(w) = 15*w + 2. Give y(2).
32
Let m(n) = 2*n**2 - 36*n + 41. Give m(18).
41
Let p(a) = a**3 - 13*a**2 + 17*a - 19. Calculate p(11).
-74
Let k(j) = -j**2 - 31*j - 85. Determine k(-3).
-1
Let n(c) = -3*c - 3. Determine n(-5).
12
Let w(y) = -9*y + 157. Give w(18).
-5
Let s(t) = 28*t - 4. Give s(3).
80
Let p(w) = -w**3 - w**2 - w - 6. Give p(0).
-6
Let t(n) = -n**2 + 15*n - 52. What is t(8)?
4
Let y(i) = 22*i**3 - 2*i**2 + 4*i - 3. Determine y(1).
21
Let m(a) = -a**2 - a + 1. Calculate m(0).
1
Let q(g) = 55*g - 394. Give q(7).
-9
Let t(d) = -2*d + 91. Determine t(47).
-3
Let z(p) = -p**2 - 2*p + 126. What is z(11)?
-17
Let m(l) = -2*l**3 + l**2 + 5*l - 4. Give m(0).
-4
Let a(m) = -2*m + 3. What is a(4)?
-5
Let t(m) = -m**3 + 7*m**2 - 7*m - 10. Calculate t(6).
-16
Let z(b) = b**3 - 13*b**2 - 2*b + 19. Determine z(13).
-7
Let l(a) = -10*a - 2. Give l(-2).
18
Let r(j) = j**2 - j - 31. Calculate r(-8).
41
Let n(d) = -6*d - 63. Calculate n(-11).
3
Let h(r) = -r - 14. What is h(-7)?
-7
Let q(k) = -k**3 - k**2 + 4*k + 3. Determine q(-2).
-1
Let s(f) = -f**3 + 5*f**2 - 6. Give s(6).
-42
Let y(o) = -o**3 + 5*o**2 - 10*o + 20. Give y(4).
-4
Let a(p) = -5*p - 29. Give a(7).
-64